{"id":9191,"date":"2024-01-01T06:56:32","date_gmt":"2024-01-01T06:56:32","guid":{"rendered":"https:\/\/upperinc.com\/previews\/wp\/carbon\/?page_id=9191"},"modified":"2024-01-28T20:44:06","modified_gmt":"2024-01-28T17:44:06","slug":"sanatyapim","status":"publish","type":"page","link":"https:\/\/www.galerisanatyapim.com.tr\/","title":{"rendered":"Sanatyap\u0131m"},"content":{"rendered":"<section class=\"wpb-content-wrapper\"><p>[vc_row css=&#8221;.vc_custom_1493670408087{padding-top: 100px !important;padding-bottom: 50px !important;}&#8221;][vc_column width=&#8221;1\/2&#8243;][vc_custom_heading text=&#8221;Ba\u015fkent&#8217;te Sanatla Dolu 42 Y\u0131l&#8221; font_container=&#8221;tag:h2|font_size:32px|text_align:justify&#8221; use_theme_fonts=&#8221;yes&#8221; el_class=&#8221;no-letter-spacing&#8221;][vc_empty_space height=&#8221;10px&#8221;][vc_column_text]Bundan k\u0131rk iki y\u0131l \u00f6nce Be\u015ftepe\u2019de \u015fimdi bulundu\u011fu yerde ba\u015flar Galeri Sanatyap\u0131m\u2019\u0131n ser\u00fcveni. O y\u0131llarda Ba\u015fkent\u2019te sadece bir ka\u00e7 galeri ya\u015fam\u0131n\u0131 s\u00fcrd\u00fcrmekte ve sergiler az say\u0131da sanatseverle bulu\u015fabilmekteydi.<\/p>\n<p>Galeri Sanatyap\u0131m\u2019\u0131n 1982 y\u0131l\u0131nda a\u00e7\u0131lmas\u0131yla birlikte Ankara\u2019n\u0131n sanat ya\u015fam\u0131 hareketlenmi\u015f ve Galeri\u2019nin kurucusu, foto\u011fraf sanat\u00e7\u0131s\u0131 \u0130brahim Demirel bu giri\u015fimiyle, \u00a0\u00f6zel galericili\u011fin Ba\u015fkent\u2019teki \u00f6nemli temsilcilerinden biri olmu\u015ftur.<\/p>\n<p>Galeri Sanatyap\u0131m hi\u00e7bir zaman sadece bir sergi mek\u00e2n\u0131 olmakla yetinmemi\u015f, yeti\u015fkinlere ve g\u00fczel sanatlara haz\u0131rlanan gen\u00e7lere oldu\u011fu kadar, \u00e7ocuklara da resim e\u011fitimi veren bir sanat \u00fcretim merkezi olmu\u015ftur. Galeri\u2019nin kuruldu\u011fu ilk y\u0131ldan beri usta sanat\u00e7\u0131 Kay\u0131han Keskinok, Galeri Sanatyap\u0131m b\u00fcnyesinde yer alan At\u00f6lye \u2019de ilkeli e\u011fitimiyle nice yetenekli \u00f6\u011frenci yeti\u015ftirmekte ve sanat\u0131 tutkuya d\u00f6n\u00fc\u015ft\u00fcrme azmini \u00f6\u011frencilerine a\u015f\u0131lamaya devam etmektedir.<\/p>\n<p>\u00c7a\u011fda\u015f bir sergi salonunu, zengin tablo koleksiyonunu ve etnografik, toprak alt\u0131 zenginliklerinden olu\u015fan bir koleksiyonu 400 metrekarelik alana s\u0131\u011fd\u0131ran Galeri Sanatyap\u0131m, kitap ya da katalog gibi kal\u0131c\u0131 ar\u015fivler olu\u015fturman\u0131n yan\u0131 s\u0131ra, her y\u0131l bir sanat\u00e7\u0131n\u0131n desenlerinden olu\u015fan Galeri Sanatyap\u0131m takviminin bas\u0131m ve da\u011f\u0131t\u0131m\u0131n\u0131 da kendi olanaklar\u0131yla ger\u00e7ekle\u015ftirmektedir. Ticari kayg\u0131 ta\u015f\u0131maks\u0131z\u0131n \u00f6zellikle gen\u00e7 sanat\u00e7\u0131lara destek olmaya \u00e7al\u0131\u015fan Galeri, sa\u011fl\u0131kl\u0131 bir resim piyasas\u0131n\u0131n olu\u015fmas\u0131na katk\u0131da bulunmak i\u00e7in \u00e7aba sarf etmektedir.<\/p>\n<p>G\u00fczel sanatlar\u0131n her dal\u0131nda e\u011fitim veren bir okul niteli\u011fi kazanmak, resim, foto\u011fraf, heykel, etnografik, toprakalt\u0131 koleksiyonlar\u0131n\u0131 bir m\u00fcze \u00e7at\u0131s\u0131 alt\u0131nda toplayarak gerekli t\u00fcm \u00fcniteleri ile eksiksiz bir k\u00fclt\u00fcr kompleksi olu\u015fturmak Galeri Sanatyap\u0131m\u2019\u0131n en \u00f6nemli hedefidir[\/vc_column_text][vc_empty_space height=&#8221;30px&#8221;][\/vc_column][vc_column width=&#8221;1\/2&#8243;][vc_custom_heading text=&#8221;42 Years With Art In The Capital City&#8221; font_container=&#8221;tag:h2|font_size:32|text_align:left&#8221; use_theme_fonts=&#8221;yes&#8221; el_class=&#8221;no-letter-spacing&#8221;][vc_empty_space height=&#8221;10px&#8221;][vc_column_text]<em>42 years ago, the adventure of Galeri Sanatyapim started in the place in Be\u015ftepe where it is now situated. In those years, there were only a few art galleries in the capital city and exhibitions were attended by a small amount of art lovers. With the establishment of Galeri Sanatyapim in the year of 1982, the art life of Ankara was boomed and with this initiative, Ibrahim Demirel, who is the founder of Gallery and photographic artist, became one of the important representatives in the area of the private art galleries.Galeri Sanatyapim has never been satisfied with only being a place of exhibition, but also it has been a centre that provides art education to adults and the youth who are in preparation for fine arts faculties, as well as children.Since the first day of the gallery\u2019s establishment, Kayihan Keskinok, who is master artist, has brought up many talented students with his principled method in the studio within Galeri Sanatyapim and continued to infuse his students with determination that aims to transform the art into passion.<\/em><\/p>\n<p><em>Galeri Sanatyapim, which combines a large collection of paintings and a collection consisted of ethnographic opulence of underground in a-400 square metres place, keeps ever lasting archives such as books or catalogues, as well as with its own founds it realizes the publication and distribution of annual Galeri Sanatyapim calendar, each issue of which is constituted by drawings of an artist.\u00a0\u00a0The Gallery, which has not commercial pursuits and aims at supporting especially young artists, tries to contribute establishing a wealthy paintings environment.The most important goals of the gallery are to be a qualified school that will provide teaching opportunities in all branches of fine arts, and to establish a complete culture complex with its all necessary units gathering the collections of painting, photography, sculpture, ethnographic and underground within a museum<\/em>[\/vc_column_text][vc_empty_space height=&#8221;30px&#8221;][\/vc_column][\/vc_row][vc_row][vc_column][vc_separator color=&#8221;turquoise&#8221;][\/vc_column][\/vc_row][vc_row][vc_column][vc_empty_space][\/vc_column][\/vc_row][vc_row][vc_column][vc_video link=&#8221;https:\/\/www.youtube.com\/watch?v=Nx-SXPM8w3g&#8221; el_width=&#8221;80&#8243; align=&#8221;center&#8221; title=&#8221;Orhan Aky\u00fcrek An\u0131s\u0131na&#8230;&#8221;][\/vc_column][\/vc_row]<\/p>\n<\/section>","protected":false},"excerpt":{"rendered":"<p>[vc_row css=&#8221;.vc_custom_1493670408087{padding-top: 100px !important;padding-bottom: 50px !important;}&#8221;][vc_column width=&#8221;1\/2&#8243;][vc_custom_heading text=&#8221;Ba\u015fkent&#8217;te Sanatla Dolu 42 Y\u0131l&#8221; font_container=&#8221;tag:h2|font_size:32px|text_align:justify&#8221; use_theme_fonts=&#8221;yes&#8221; el_class=&#8221;no-letter-spacing&#8221;][vc_empty_space height=&#8221;10px&#8221;][vc_column_text]Bundan k\u0131rk iki y\u0131l \u00f6nce Be\u015ftepe\u2019de \u015fimdi bulundu\u011fu yerde ba\u015flar Galeri Sanatyap\u0131m\u2019\u0131n ser\u00fcveni. O y\u0131llarda Ba\u015fkent\u2019te sadece bir ka\u00e7 galeri ya\u015fam\u0131n\u0131 s\u00fcrd\u00fcrmekte ve sergiler az say\u0131da sanatseverle bulu\u015fabilmekteydi. Galeri Sanatyap\u0131m\u2019\u0131n 1982 y\u0131l\u0131nda a\u00e7\u0131lmas\u0131yla birlikte Ankara\u2019n\u0131n sanat ya\u015fam\u0131 hareketlenmi\u015f ve Galeri\u2019nin [&hellip;]<\/p>\n","protected":false},"author":1,"featured_media":0,"parent":0,"menu_order":0,"comment_status":"closed","ping_status":"closed","template":"template-home.php","meta":{"footnotes":""},"class_list":["post-9191","page","type-page","status-publish","hentry"],"_links":{"self":[{"href":"https:\/\/www.galerisanatyapim.com.tr\/index.php?rest_route=\/wp\/v2\/pages\/9191","targetHints":{"allow":["GET"]}}],"collection":[{"href":"https:\/\/www.galerisanatyapim.com.tr\/index.php?rest_route=\/wp\/v2\/pages"}],"about":[{"href":"https:\/\/www.galerisanatyapim.com.tr\/index.php?rest_route=\/wp\/v2\/types\/page"}],"author":[{"embeddable":true,"href":"https:\/\/www.galerisanatyapim.com.tr\/index.php?rest_route=\/wp\/v2\/users\/1"}],"replies":[{"embeddable":true,"href":"https:\/\/www.galerisanatyapim.com.tr\/index.php?rest_route=%2Fwp%2Fv2%2Fcomments&post=9191"}],"version-history":[{"count":26,"href":"https:\/\/www.galerisanatyapim.com.tr\/index.php?rest_route=\/wp\/v2\/pages\/9191\/revisions"}],"predecessor-version":[{"id":11877,"href":"https:\/\/www.galerisanatyapim.com.tr\/index.php?rest_route=\/wp\/v2\/pages\/9191\/revisions\/11877"}],"wp:attachment":[{"href":"https:\/\/www.galerisanatyapim.com.tr\/index.php?rest_route=%2Fwp%2Fv2%2Fmedia&parent=9191"}],"curies":[{"name":"wp","href":"https:\/\/api.w.org\/{rel}","templated":true}]}}

Sanatyapım

<section class="wpb-content-wrapper"><p>[vc_row css=&#8221;.vc_custom_1493670408087{padding-top: 100px !important;padding-bottom: 50px !important;}&#8221;][vc_column width=&#8221;1/2&#8243;][vc_custom_heading text=&#8221;Başkent&#8217;te Sanatla Dolu 42 Yıl&#8221; font_container=&#8221;tag:h2|font_size:32px|text_align:justify&#8221; use_theme_fonts=&#8221;yes&#8221; el_class=&#8221;no-letter-spacing&#8221;][vc_empty_space height=&#8221;10px&#8221;][vc_column_text]Bundan kırk iki yıl önce Beştepe’de şimdi bulunduğu yerde başlar Galeri Sanatyapım’ın serüveni. O yıllarda Başkent’te sadece bir kaç galeri yaşamını sürdürmekte ve sergiler az sayıda sanatseverle buluşabilmekteydi.</p>
<p>Galeri Sanatyapım’ın 1982 yılında açılmasıyla birlikte Ankara’nın sanat yaşamı hareketlenmiş ve Galeri’nin kurucusu, fotoğraf sanatçısı İbrahim Demirel bu girişimiyle,  özel galericiliğin Başkent’teki önemli temsilcilerinden biri olmuştur.</p>
<p>Galeri Sanatyapım hiçbir zaman sadece bir sergi mekânı olmakla yetinmemiş, yetişkinlere ve güzel sanatlara hazırlanan gençlere olduğu kadar, çocuklara da resim eğitimi veren bir sanat üretim merkezi olmuştur. Galeri’nin kurulduğu ilk yıldan beri usta sanatçı Kayıhan Keskinok, Galeri Sanatyapım bünyesinde yer alan Atölye ’de ilkeli eğitimiyle nice yetenekli öğrenci yetiştirmekte ve sanatı tutkuya dönüştürme azmini öğrencilerine aşılamaya devam etmektedir.</p>
<p>Çağdaş bir sergi salonunu, zengin tablo koleksiyonunu ve etnografik, toprak altı zenginliklerinden oluşan bir koleksiyonu 400 metrekarelik alana sığdıran Galeri Sanatyapım, kitap ya da katalog gibi kalıcı arşivler oluşturmanın yanı sıra, her yıl bir sanatçının desenlerinden oluşan Galeri Sanatyapım takviminin basım ve dağıtımını da kendi olanaklarıyla gerçekleştirmektedir. Ticari kaygı taşımaksızın özellikle genç sanatçılara destek olmaya çalışan Galeri, sağlıklı bir resim piyasasının oluşmasına katkıda bulunmak için çaba sarf etmektedir.</p>
<p>Güzel sanatların her dalında eğitim veren bir okul niteliği kazanmak, resim, fotoğraf, heykel, etnografik, toprakaltı koleksiyonlarını bir müze çatısı altında toplayarak gerekli tüm üniteleri ile eksiksiz bir kültür kompleksi oluşturmak Galeri Sanatyapım’ın en önemli hedefidir[/vc_column_text][vc_empty_space height=&#8221;30px&#8221;][/vc_column][vc_column width=&#8221;1/2&#8243;][vc_custom_heading text=&#8221;42 Years With Art In The Capital City&#8221; font_container=&#8221;tag:h2|font_size:32|text_align:left&#8221; use_theme_fonts=&#8221;yes&#8221; el_class=&#8221;no-letter-spacing&#8221;][vc_empty_space height=&#8221;10px&#8221;][vc_column_text]<em>42 years ago, the adventure of Galeri Sanatyapim started in the place in Beştepe where it is now situated. In those years, there were only a few art galleries in the capital city and exhibitions were attended by a small amount of art lovers. With the establishment of Galeri Sanatyapim in the year of 1982, the art life of Ankara was boomed and with this initiative, Ibrahim Demirel, who is the founder of Gallery and photographic artist, became one of the important representatives in the area of the private art galleries.Galeri Sanatyapim has never been satisfied with only being a place of exhibition, but also it has been a centre that provides art education to adults and the youth who are in preparation for fine arts faculties, as well as children.Since the first day of the gallery’s establishment, Kayihan Keskinok, who is master artist, has brought up many talented students with his principled method in the studio within Galeri Sanatyapim and continued to infuse his students with determination that aims to transform the art into passion.</em></p>
<p><em>Galeri Sanatyapim, which combines a large collection of paintings and a collection consisted of ethnographic opulence of underground in a-400 square metres place, keeps ever lasting archives such as books or catalogues, as well as with its own founds it realizes the publication and distribution of annual Galeri Sanatyapim calendar, each issue of which is constituted by drawings of an artist.  The Gallery, which has not commercial pursuits and aims at supporting especially young artists, tries to contribute establishing a wealthy paintings environment.The most important goals of the gallery are to be a qualified school that will provide teaching opportunities in all branches of fine arts, and to establish a complete culture complex with its all necessary units gathering the collections of painting, photography, sculpture, ethnographic and underground within a museum</em>[/vc_column_text][vc_empty_space height=&#8221;30px&#8221;][/vc_column][/vc_row][vc_row][vc_column][vc_separator color=&#8221;turquoise&#8221;][/vc_column][/vc_row][vc_row][vc_column][vc_empty_space][/vc_column][/vc_row][vc_row][vc_column][vc_video link=&#8221;https://www.youtube.com/watch?v=Nx-SXPM8w3g&#8221; el_width=&#8221;80&#8243; align=&#8221;center&#8221; title=&#8221;Orhan Akyürek Anısına&#8230;&#8221;][/vc_column][/vc_row]</p>
</section>

<p>[vc_row css=&#8221;.vc_custom_1493670408087{padding-top: 100px !important;padding-bottom: 50px !important;}&#8221;][vc_column width=&#8221;1/2&#8243;][vc_custom_heading text=&#8221;Başkent&#8217;te Sanatla Dolu 42 Yıl&#8221; font_container=&#8221;tag:h2|font_size:32px|text_align:justify&#8221; use_theme_fonts=&#8221;yes&#8221; el_class=&#8221;no-letter-spacing&#8221;][vc_empty_space height=&#8221;10px&#8221;][vc_column_text]Bundan kırk iki yıl önce Beştepe’de şimdi bulunduğu yerde başlar Galeri Sanatyapım’ın serüveni. O yıllarda Başkent’te sadece bir kaç galeri yaşamını sürdürmekte ve sergiler az sayıda sanatseverle buluşabilmekteydi. Galeri Sanatyapım’ın 1982 yılında açılmasıyla birlikte Ankara’nın sanat yaşamı hareketlenmiş ve Galeri’nin [&hellip;]</p>
